18
What is the remainder when 285827213 is divided by 26441?
3
Calculate the remainder when 437583 is divided by 48431.
1704
Calculate the remainder when 9899636 is divided by 170683.
22
Calculate the remainder when 28642856 is divided by 12.
8
What is the remainder when 10337790 is divided by 256?
254
What is the remainder when 156917 is divided by 378?
47
What is the remainder when 626620 is divided by 41766?
130
What is the remainder when 745538 is divided by 46?
16
What is the remainder when 140410073 is divided by 2529?
2522
Calculate the remainder when 10155689 is divided by 91.
89
Calculate the remainder when 10928105 is divided by 2185605.
80
Calculate the remainder when 5224054 is divided by 274950.
4
What is the remainder when 216471 is divided by 7208?
231
What is the remainder when 1880034 is divided by 939905?
224
Calculate the remainder when 3807139 is divided by 173030.
479
Calculate the remainder when 28683989 is divided by 80.
69
Calculate the remainder when 2180858 is divided by 857.
650
Calculate the remainder when 3381260 is divided by 30189.
92
Calculate the remainder when 23498620 is divided by 42.
40
Calculate the remainder when 1398482 is divided by 77.
8
Calculate the remainder when 26331036 is divided by 14801.
57
Calculate the remainder when 119293 is divided by 118916.
377
What is the remainder when 97723 is divided by 3354?
457
What is the remainder when 48648 is divided by 3397?
1090
Calculate the remainder when 24437083 is divided by 2455.
13
What is the remainder when 18574 is divided by 3120?
2974
Calculate the remainder when 657010 is divided by 6027.
67
Calculate the remainder when 4207817 is divided by 1051951.
13
Calculate the remainder when 21835121 is divided by 3023.
3015
Calculate the remainder when 1026440 is divided by 205286.
10
What is the remainder when 3211454 is divided by 802851?
50
Calculate the remainder when 5600893 is divided by 2432.
2429
What is the remainder when 437437962 is divided by 2823?
2820
Calculate the remainder when 2881576 is divided by 138.
136
Calculate the remainder when 6972216 is divided by 996028.
20
What is the remainder when 731853 is divided by 8028?
1305
What is the remainder when 231474575 is divided by 29?
26
Calculate the remainder when 149670720 is divided by 74835353.
14
Calculate the remainder when 8923461 is divided by 446172.
21
What is the remainder when 1222288 is divided by 4930?
4578
Calculate the remainder when 716018 is divided by 655.
103
What is the remainder when 409721 is divided by 1741?
586
Calculate the remainder when 27497005 is divided by 1291.
1287
What is the remainder when 58118838 is divided by 26?
24
Calculate the remainder when 239262 is divided by 9214.
8912
Calculate the remainder when 1862605 is divided by 6951.
6688
What is the remainder when 451035 is divided by 620?
295
Calculate the remainder when 7118892 is divided by 2265.
2262
Calculate the remainder when 232751 is divided by 21.
8
Calculate the remainder when 110854621 is divided by 33.
31
What is the remainder when 2866165 is divided by 943?
388
Calculate the remainder when 1957862 is divided by 58.
14
Calculate the remainder when 15047 is divided by 570.
227
Calculate the remainder when 9102996 is divided by 1634.
1616
What is the remainder when 3654674 is divided by 152277?
26
Calculate the remainder when 100960 is divided by 47966.
5028
Calculate the remainder when 12301175 is divided by 5316.
5267
What is the remainder when 1462759 is divided by 146271?
49
What is the remainder when 123157 is divided by 41033?
58
What is the remainder when 125780 is divided by 17872?
676
Calculate the remainder when 480924 is divided by 228.
72
What is the remainder when 1615367 is divided by 397?
371
What is the remainder when 11547902 is divided by 40377?
80
What is the remainder when 229610 is divided by 2030?
220
Calculate the remainder when 9736430 is divided by 885128.
22
What is the remainder when 830675 is divided by 1902?
1403
What is the remainder when 2653 is divided by 2515?
138
Calculate the remainder when 1814212 is divided by 27.
1
What is the remainder when 2668511 is divided by 381214?
13
Calculate the remainder when 499918 is divided by 14703.
16
What is the remainder when 74543 is divided by 68?
15
What is the remainder when 3047723 is divided by 2671?
112
Calculate the remainder when 79659 is divided by 2195.
639
What is the remainder when 3471561 is divided by 123983?
37
What is the remainder when 1815041 is divided by 6030?
11
Calculate the remainder when 7595181 is divided by 1898792.
13
Calculate the remainder when 2256 is divided by 321.
9
Calculate the remainder when 494886 is divided by 179.
130
Calculate the remainder when 1713246 is divided by 2576.
206
What is the remainder when 767116 is divided by 3144?
3124
Calculate the remainder when 41145627 is divided by 1607.
1606
What is the remainder when 226731 is divided by 56367?
1263
What is the remainder when 1213357 is divided by 770?
607
What is the remainder when 9053411 is divided by 27106?
7
What is the remainder when 245112217 is divided by 25?
17
Calculate the remainder when 359929 is divided by 64.
57
Calculate the remainder when 10159358 is divided by 18641.
13
Calculate the remainder when 5653920 is divided by 17.
9
What is the remainder when 4097169 is divided by 672?
657
What is the remainder when 5436 is divided by 2702?
32
What is the remainder when 1371958 is divided by 685967?
24
What is the remainder when 50229 is divided by 7174?
11
What is the remainder when 1540508 is divided by 1043?
1040
What is the remainder when 407507 is divided by 27097?
1052
Calculate the remainder when 932649 is divided by 4201.
27
Calculate the remainder when 11222428 is divided by 2699.
2685
Calculate the remainder when 20620353 is divided by 20.
13
What is the remainder when 17085424 is divided by 1114?
6
What is the remainder when 28602173 is divided by 2043012?
5
What is the remainder when 3201706 is divided by 208?
170
What is the remainder when 142539011 is divided by 84?
83
What is the remainder when 51880 is divided by 4814?
3740
What is the remainder when 1571159 is divided by 3099?
3065
What is the remainder when 2384661 is divided by 85?
71
Calculate the remainder when 1142655 is divided by 708.
651
What is the remainder when 8784981 is divided by 1435?
1346
Calculate the remainder when 5847941 is divided by 44.
33
Calculate the remainder when 38160749 is divided by 1275.
1274
Calculate the remainder when 94671 is divided by 44477.
5717
Calculate the remainder when 5168686 is divided by 2284.
2278
Calculate the remainder when 233262802 is divided by 3152200.
2
Calculate the remainder when 657094 is divided by 1048.
1046
Calculate the remainder when 43328 is divided by 902.
32
What is the remainder when 171689 is divided by 21187?
2193
What is the remainder when 159314 is divided by 3011?
2742
What is the remainder when 306657 is divided by 76483?
725
What is the remainder when 552450 is divided by 660?
30
What is the remainder when 30125932 is divided by 12706?
6
Calculate the remainder when 2585309 is divided by 1256.
461
What is the remainder when 8204197 is divided by 683683?
1
What is the remainder when 13319220 is divided by 442?
434
Calculate the remainder when 3821102 is divided by 33.
32
Calculate the remainder when 15918 is divided by 3426.
2214
What is the remainder when 965842 is divided by 107306?
88
Calculate the remainder when 2383947 is divided by 595981.
23
Calculate the remainder when 2864374 is divided by 1741.
429
What is the remainder when 476784 is divided by 9345?
189
What is the remainder when 9847028 is divided by 32?
20
What is the remainder when 718746741 is divided by 3794?
3793
What is the remainder when 4330057 is divided by 6?
1
Calculate the remainder when 14684767 is divided by 360.
7
What is the remainder when 6359189 is divided by 25?
14
What is the remainder when 2116088 is divided by 2116088?
0
What is the remainder when 5621688 is divided by 63?
9
What is the remainder when 8164001 is divided by 2721296?
113
What is the remainder when 51897 is divided by 14955?
7032
Calculate the remainder when 6679752 is divided by 12167.
69
Calculate the remainder when 13609 is di